when (-51)/(-1)*(-5)/(-3) is divided by -5 + 14/4*204/d.
27
Suppose 5*m = -z - 1, 13 = 3*m + 3*z + z. What is the remainder when 0*m/(-2) + 67 is divided by (1*-1)/(1/(-17))?
16
Suppose 4 = -2*l, 90 = 9*n - 5*n - 5*l. What is the remainder when 118 is divided by n?
18
Suppose 2*n = 3*y + 426 + 547, -2*n + 5*y = -979. What is the remainder when n is divided by 18?
14
Let d(r) = r**2 + 77. Let x be d(0). Let c = x - -39. Suppose -3*l + 202 = 5*i, -5*i + 78 = l - c. What is the remainder when i is divided by 13?
12
Suppose 3*p = 14 + 4. Suppose 0*q + 19 = -q. Calculate the remainder when 2/(4/p) - q is divided by 12.
10
Let q(l) = -21*l - 1. Let p = -1210 + 1225. Calculate the remainder when q(-5) is divided by p.
14
Suppose -q - 2 + 5 = 0. Let z(l) = 6*l**2 + 3*l + 4. Suppose -25*w + 14 = -24*w. Calculate the remainder when z(q) is divided by w.
11
Let o = 54 - 29. Let x be 3*4*6/24. Let j = o + x. Calculate the remainder when j is divided by 10.
8
Suppose 2*y = -o - 21 + 5, y + o + 9 = 0. Let m = y - -11. Suppose -69 = -3*s - 5*i, 7*s + m*i - 72 = 4*s. Calculate the remainder when s is divided by 10.
8
Let z(w) = -12*w - 28. Let v be z(-4). Suppose -75 = v*u - 25*u. Calculate the remainder when 118 is divided by u.
13
Suppose y - 2 = 9. Calculate the remainder when 8*(3 + 2 + -1) is divided by y.
10
Let k = -33 + 57. What is the remainder when k is divided by 7?
3
Suppose -4*q = g + 4*g - 18, 4*q - 30 = g. Let o = 21 + q. What is the remainder when 110 is divided by o?
26
Suppose 25 + 50 = 3*b. What is the remainder when 1950/27 - 4/18 is divided by b?
22
Suppose -3*p - 210 = 318. Let t = p + 262. What is the remainder when t is divided by 23?
17
Let b = -29 + 47. Let p(m) = -4*m - 35. Let o be p(-18). Let l = -26 + o. What is the remainder when b is divided by l?
7
Let l be 16/12 - (-4)/6. Suppose -6*v + 5*v = 4*n - 48, 4*n - 2*v = 36. What is the remainder when n + 0/(2 + l) is divided by 6?
5
Let g be (-168)/(-27) + 6/(-27). Calculate the remainder when g/(-4)*1496/(-51) is divided by 15.
14
Let m = -16 - -22. Suppose 0 = 6*q - 4*q. Let f = q + 23. What is the remainder when f is divided by m?
5
Let l = -21 - -13. Let j(g) = g**3 + 9*g**2 + 4*g - 2. Let p be j(l). Calculate the remainder when 32 is divided by 2/(-6)*(-3 - p).
10
Let f be 180/27*36/10. Suppose 5*g - 3*x + x - f = 0, -3*x + 15 = g. Let m = 35 + -8. Calculate the remainder when m is divided by g.
3
Let q = -14 + 137. Calculate the remainder when q is divided by 5.
3
Suppose -3*f = -4*f + 36. Calculate the remainder when 113 + (-5)/((-5)/2) is divided by ((-24)/f)/(4/(-174)).
28
What is the remainder when ((-2)/(-6))/(28/15120) is divided by 101?
79
Suppose 4*g + 17 = n, -6*g = -4*n - g + 79. Calculate the remainder when 139 is divided by n.
13
Suppose 7 - 2 = o. Suppose o*c + 38 - 9 = 2*r, 15 = r - 2*c. Calculate the remainder when 83 is divided by r.
15
Suppose 10 = 2*o + s - 10, -3*o + 20 = -s. Let h(z) = -z**2 + 8*z + 15. What is the remainder when 73 is divided by h(o)?
13
Let r = -889 + 891. Let z = 28 - 19. What is the remainder when z is divided by r?
1
Let a be (40/24)/(5/18). Let o be (16/a)/((-8)/36). Let p = o - -33. Calculate the remainder when p is divided by 12.
9
Let k(m) = 2*m + 3. Let d be (4/10)/((-8)/240). Calculate the remainder when 256/12 + d/9 is divided by k(4).
9
Let b(k) = -34*k - 1. Let g be b(-1). Let s = -23 + g. What is the remainder when 2/(-3) + (-480)/(-18) is divided by s?
6
Let h(t) = -t**3 + 20*t**2 + t + 13. Calculate the remainder when h(20) is divided by 17.
16
Let z = -81 - -137. Suppose -4*h + 1 = -3*f - 2*h, -25 = -5*h. Suppose 0 = -f*o + r + 60 + 1, 3*o - 45 = -3*r. What is the remainder when z is divided by o?
18
Let d = -234 + 249. What is the remainder when 53 is divided by d?
8
Suppose 4*w - 24 = 4*y, -y - 4*w = -2*w - 3. Let u = y - -5. Suppose u*s = -2*v + s + 18, 4*s = 8. Calculate the remainder when v is divided by 5.
3
Let u be (5 + -10)*(-14)/(-5). Let m be (2 - 5)/(3/u). Calculate the remainder when (-252)/m*(-5)/3 is divided by 8.
6
Suppose -f + 2*f = 146. Suppose t = -5*z + 143, -5*z + 4*t + f = 18. Calculate the remainder when z is divided by 11.
6
Let t(g) = -4*g + 6. Let c be t(-2). Let s = c - 4. Calculate the remainder when s is divided by 3.
1
Suppose 25 = -c + 93. Suppose -c = -3*s + 10. What is the remainder when 102 is divided by s?
24
Let g(k) = 3*k - 18. Let s be g(12). What is the remainder when 203/3 + 4/(-6) is divided by s/(-5)*-5 - 1?
16
Suppose -20*r = -19*r + 457. Let j = -308 - r. Calculate the remainder when j is divided by 231/6 + (-3)/6.
35
Suppose -6*f + 65 = -f. Suppose 0 = -9*d + 3*d + 138. What is the remainder when d is divided by f?
10
Suppose 7*j - 20 = 3*j + 4*r, r + 9 = 3*j. Suppose -j = -l - 1. Calculate the remainder when 19 is divided by l*-1 - (-48)/8.
4
Suppose -g = 2*y - 6, 9 = 4*g + y - 1. Let w be (-2 + g - 2) + -1. Let j = 20 + w. Calculate the remainder when 31 is divided by j.
14
Let k(s) = 11 - 6*s**2 + 2*s - 9 + 3*s**3 + 0*s**3 - s**3. What is the remainder when k(4) is divided by 15?
12
Suppose 0 = 8*c - 16*c - 32. Let i(s) = -s**3 - 3*s**2 + 2*s + 5. Calculate the remainder when 50 is divided by i(c).
11
Let z = 122 + -42. Let b(q) = -q**2 - 76*q - 462. What is the remainder when z is divided by b(-7)?
17
Suppose 4*r = -12*r + 1904. What is the remainder when r is divided by 38?
5
Let p = -4 + 15. Let c be 1/1 - (4 - 7). Suppose -c*q + 19 = -3*q. What is the remainder when q is divided by p?
8
Suppose 25 = -14*d + 19*d. Suppose 3*j = -d*s + 2*s + 84, 0 = -3*j - s + 90. What is the remainder when 90 is divided by j?
28
Suppose -20 = -8*n + 3*n. Let l(c) = -4 - 4 + 7*c + n. Calculate the remainder when l(2) is divided by 3.
1
Suppose 3*r = 5*j + 151, 0 = 3*r - j + 11 - 154. What is the remainder when r is divided by (-30)/4*(-24)/15?
11
Suppose -4*d + 9*u + 118 = 7*u, 4*d - 3*u = 123. Let h = -27 - -103. Calculate the remainder when h is divided by d.
22
Suppose 462 = 13*n - 6*n. What is the remainder when 197 is divided by n?
65
Let j be (0 + (-4)/8)*-8. Suppose 0 = -m + j*x - 3*x + 128, 0 = -5*m + x + 636. What is the remainder when m is divided by 32?
31
Suppose 0 = -452*k + 443*k + 1260. Calculate the remainder when 157 is divided by k.
17
Let j(b) = -12*b**3 - 6*b**2 - 4*b + 4. Let o be 5*(404/(-5))/(-4). Suppose 44 = 5*q - o. Calculate the remainder when j(-2) is divided by q.
26
Let u = 150 - 96. Calculate the remainder when u is divided by 14.
12
Suppose 3*u - 3*p = -0*u + 123, 3*u - 2*p - 121 = 0. What is the remainder when u is divided by 11?
6
Let c = 0 + 4. Suppose -c*l = 5*o - 112, -4*l - 4*o + 140 = l. Calculate the remainder when -2*(109/(-2))/1 is divided by l.
25
Let i = -252 - -292. Calculate the remainder when 119 is divided by i.
39
Suppose 3*s - 3*o + 105 = 0, 0 = -5*o + 7 + 3. Let h = s + 58. Let x = 17 - 10. What is the remainder when h is divided by x?
4
Suppose -33*l + 35*l - 302 = 4*v, -4*l + 628 = 4*v. What is the remainder when l is divided by 50?
5
Let j be (-240)/9*(32/5 + -4). Calculate the remainder when 15 is divided by (-1 + 0)/(8/j).
7
Let u = 2985 + -2961. Calculate the remainder when u is divided by 7.
3
Let u(v) = -v**3 + 17*v**2 - 14*v - 6. Let l be u(16). Calculate the remainder when ((-80)/(-4))/4 + l is divided by 12.
7
Let k = -33 + 37. Suppose -4*d = -2*h + 16, 2*d - 4*d + k = 0. What is the remainder when h/3 + 87 - 2 is divided by 18?
17
Suppose o + 31*k - 25 = 35*k, 0 = 2*o + 2*k - 40. What is the remainder when 65 is divided by o?
2
Let z be -9 + (0 + -1)*-3. Let b = z - -29. Calculate the remainder when b is divided by 6.
5
Let w = 18 + -8. What is the remainder when ((-133)/(-28))/(4/48) is divided by w?
7
Suppose 2*v - v = 15. Let s(l) = -12*l - 10. Suppose -4*t = 2*z + 24, 5*t - 7*z + 2*z + 45 = 0. Calculate the remainder when s(t) is divided by v.
14
Let v be (-3)/(2/(-3 + -67)). Suppose -3*o - 2*o = -v. Calculate the remainder when o is divided by 1/3 + (-46)/(-6).
5
Suppose a = 5*q - 217, 8*a - 7*a - 91 = -2*q. Let u = -91 - -176. Calculate the remainder when u is divided by q.
41
What is the remainder when 601 is divided by (-2 + 1 + -100)*(-2 - -1)?
96
Suppose 2*u + 10 = 3*k + 32, -3*u = 4*k - 33. Suppose 0 = z - 2*r -